{"id":32764,"date":"2026-04-14T12:58:20","date_gmt":"2026-04-14T10:58:20","guid":{"rendered":"https:\/\/www.theblackcowshop.com\/?post_type=product&#038;p=32764"},"modified":"2026-04-25T18:10:52","modified_gmt":"2026-04-25T16:10:52","slug":"biscuits-prince-vanille-vegan-352g-de-beukelaer","status":"publish","type":"product","link":"https:\/\/www.theblackcowshop.com\/nl\/product\/biscuits-prince-vanille-vegan-352g-de-beukelaer\/","title":{"rendered":"Biscuits Prince Vanille Vegan 352g &#8211; De Beukelaer"},"content":{"rendered":"<p><span style=\"text-decoration: underline\">Ingr\u00e9dients<\/span> : Farine de <span style=\"text-decoration: underline\"><strong>bl\u00e9<\/strong><\/span>, sucre, huile de palme, sirop de glucose, amidon de\u00a0<span style=\"text-decoration: underline\"><strong>bl\u00e9<\/strong><\/span>, poudres \u00e0 lever (carbonates d&rsquo;ammonium, carbonates de sodium), sel, extrait de vanille, huile de palme, prot\u00e9ines de pois, ar\u00f4me naturel, \u00e9mulsifiant (l\u00e9cithines), acidifiant (acide citrique), correcteur d&rsquo;acidit\u00e9 (carbonate de sodium).<\/p>\n<p><strong><span style=\"text-decoration: underline\">Allerg\u00e8nes<\/span> : Contient du bl\u00e9, gluten. Peut contenir des traces de : soja, fruits \u00e0 coque.<\/strong><\/p>","protected":false},"excerpt":{"rendered":"<p>Ingr\u00e9dients : Farine de bl\u00e9, sucre, huile de palme, sirop de glucose, amidon de\u00a0bl\u00e9, poudres \u00e0 lever (carbonates d&rsquo;ammonium, carbonates de sodium), sel, extrait de&#8230;<\/p>","protected":false},"featured_media":32778,"template":"","meta":{"_acf_changed":false},"etheme_brands":[{"term_id":666,"name":"De Beukelaer","slug":"de-beukelaer","term_group":0,"term_taxonomy_id":666,"taxonomy":"brand","description":"","parent":0,"count":3,"filter":"raw"}],"product_brand":[],"product_cat":[399,15,702,372],"product_tag":[],"class_list":{"0":"post-32764","1":"product","2":"type-product","3":"status-publish","4":"has-post-thumbnail","6":"brand-de-beukelaer","7":"product_cat-gateaux-biscuits-vegan","8":"product_cat-tout","9":"product_cat-nouveau","10":"product_cat-epicerie-vegan","12":"first","13":"instock","14":"taxable","15":"shipping-taxable","16":"purchasable","17":"product-type-simple"},"supplier_id":null,"supplier_sku":"","barcode":null,"atum_controlled":false,"out_stock_date":null,"out_stock_threshold":null,"inheritable":false,"inbound_stock":null,"stock_on_hold":0,"sold_today":0,"sales_last_days":0,"reserved_stock":null,"customer_returns":null,"warehouse_damage":null,"lost_in_post":null,"other_logs":null,"out_stock_days":0,"lost_sales":0,"has_location":null,"update_date":"2026-04-27T00:13:52","atum_locations":[],"atum_stock_status":"instock","restock_status":false,"low_stock_amount":"","sales_update_date":"2026-04-27T00:13:52","calc_backorders":null,"acf":[],"_links":{"self":[{"href":"https:\/\/www.theblackcowshop.com\/nl\/wp-json\/wp\/v2\/product\/32764","targetHints":{"allow":["GET"]}}],"collection":[{"href":"https:\/\/www.theblackcowshop.com\/nl\/wp-json\/wp\/v2\/product"}],"about":[{"href":"https:\/\/www.theblackcowshop.com\/nl\/wp-json\/wp\/v2\/types\/product"}],"version-history":[{"count":3,"href":"https:\/\/www.theblackcowshop.com\/nl\/wp-json\/wp\/v2\/product\/32764\/revisions"}],"predecessor-version":[{"id":32935,"href":"https:\/\/www.theblackcowshop.com\/nl\/wp-json\/wp\/v2\/product\/32764\/revisions\/32935"}],"wp:featuredmedia":[{"embeddable":true,"href":"https:\/\/www.theblackcowshop.com\/nl\/wp-json\/wp\/v2\/media\/32778"}],"wp:attachment":[{"href":"https:\/\/www.theblackcowshop.com\/nl\/wp-json\/wp\/v2\/media?parent=32764"}],"wp:term":[{"taxonomy":"brand","embeddable":true,"href":"https:\/\/www.theblackcowshop.com\/nl\/wp-json\/wp\/v2\/etheme_brands?post=32764"},{"taxonomy":"product_brand","embeddable":true,"href":"https:\/\/www.theblackcowshop.com\/nl\/wp-json\/wp\/v2\/product_brand?post=32764"},{"taxonomy":"product_cat","embeddable":true,"href":"https:\/\/www.theblackcowshop.com\/nl\/wp-json\/wp\/v2\/product_cat?post=32764"},{"taxonomy":"product_tag","embeddable":true,"href":"https:\/\/www.theblackcowshop.com\/nl\/wp-json\/wp\/v2\/product_tag?post=32764"}],"curies":[{"name":"wp","href":"https:\/\/api.w.org\/{rel}","templated":true}]}}

<p><span style="text-decoration: underline">Ingrédients</span> : Farine de <span style="text-decoration: underline"><strong>blé</strong></span>, sucre, huile de palme, sirop de glucose, amidon de <span style="text-decoration: underline"><strong>blé</strong></span>, poudres à lever (carbonates d&rsquo;ammonium, carbonates de sodium), sel, extrait de vanille, huile de palme, protéines de pois, arôme naturel, émulsifiant (lécithines), acidifiant (acide citrique), correcteur d&rsquo;acidité (carbonate de sodium).</p>
<p><strong><span style="text-decoration: underline">Allergènes</span> : Contient du blé, gluten. Peut contenir des traces de : soja, fruits à coque.</strong></p>

<p>Ingrédients : Farine de blé, sucre, huile de palme, sirop de glucose, amidon de blé, poudres à lever (carbonates d&rsquo;ammonium, carbonates de sodium), sel, extrait de&#8230;</p>
